{"id":742,"date":"2017-11-13T13:15:02","date_gmt":"2017-11-13T12:15:02","guid":{"rendered":"http:\/\/www.grizzlylinedancers.com\/wordpress\/?page_id=742"},"modified":"2020-08-02T17:09:49","modified_gmt":"2020-08-02T15:09:49","slug":"line-dance-etikette","status":"publish","type":"page","link":"http:\/\/www.grizzlylinedancers.com\/wordpress\/line-dance-etikette","title":{"rendered":"Line Dance Etikette"},"content":{"rendered":"<p><span lang=\"DE\" xml:lang=\"DE\">So wie \u00fcberall gibt es auch beim Line Dance <strong>&#8222;Do`s and Dont`s&#8220;<\/strong> (Benimmregeln) &#8211; Line<br \/><span lang=\"DE\" xml:lang=\"DE\">\u00a0<\/span><\/span><\/p>\n<ul>\n<li><span lang=\"DE\" xml:lang=\"DE\">Line Dance ist f\u00fcr alle Altersstufen geeignet<\/span><\/li>\n<li><span lang=\"DE\" xml:lang=\"DE\">Versuche m\u00f6glichst den Tanz mitzumachen, der bereits getanzt wird!<\/span><\/li>\n<li>Wenn Anf\u00e4nger tanzen, passe dich an. Du musst nicht zeigen, was du drauf hast. Erinnere dich, du warst auch einmal Anf\u00e4nger \u2013 sei hilfsbereit und freundlich.<\/li>\n<li><span lang=\"DE\" xml:lang=\"DE\">Nur falls es wirklich genug Platz gibt, kannst Du einen neuen Tanz beginnen.<\/span><\/li>\n<li><span lang=\"DE\" xml:lang=\"DE\">Stelle Dich keinesfalls vor die Reihen, wenn der Tanz bereits begonnen hat.<\/span><\/li>\n<li><span lang=\"DE\" xml:lang=\"DE\">Beginne am Anfang der Tanzfl\u00e4che, damit die anderen T\u00e4nzer problemlos dahinter aufschlie\u00dfen k\u00f6nnen. Es ist besser eine neue Linie hinter den bereits Tanzenden anzufangen, als sie bestehende zu verl\u00e4ngern und damit die anderen zu blockieren.<\/span><\/li>\n<li><span lang=\"DE\" xml:lang=\"DE\">Laufe niemals quer \u00fcber die Tanzfl\u00e4che w\u00e4hrend getanzt wird. Warte oder gehe au\u00dfen herum.<\/span><\/li>\n<li>Wenn du einen Tanz begonnen hast, so tanze diesen zu Ende und laufe nicht w\u00e4hrend alle anderen noch tanzen von der Tanzfl\u00e4che!<\/li>\n<li><span lang=\"DE\" xml:lang=\"DE\">Sagt den aufmerksam Wartenden, was Ihr zu tanzen gedenkt.<\/span><\/li>\n<li><span lang=\"DE\" xml:lang=\"DE\">Hilf Anf\u00e4ngern mit einer Ermunterung, aber halte keine Tanzlektion auf der Tanzfl\u00e4che ab.<\/span><\/li>\n<li><span lang=\"DE\" xml:lang=\"DE\">Diskussionen bitte neben der Tanzfl\u00e4che f\u00fchren.<\/span><\/li>\n<li><span lang=\"DE\" xml:lang=\"DE\">Wie im Verkehr, die \u00e4u\u00dfere Linie hat Vortritt, blockiere nicht ihren Weg.<\/span><\/li>\n<li><span lang=\"DE\" xml:lang=\"DE\">Lasse Deine F\u00fc\u00dfe, Knie oder Arme nicht zur gef\u00e4hrlichen Waffe werden.<\/span><\/li>\n<li><span lang=\"DE\" xml:lang=\"DE\">Mache kleine Schritte, wenn die Tanzfl\u00e4che voll ist, achte auf Kollisionen. Falls Du jemanden anrempelst, solltest Du Dich entschuldigen, auch wenn es nicht Dein Fehler ist.<\/span><\/li>\n<li><span lang=\"DE\" xml:lang=\"DE\">Die Tanzfl\u00e4che ist zum Tanzen da, somit haben Getr\u00e4nke, Essen oder Zigaretten auf der Tanzfl\u00e4che nichts zu suchen!<\/span><\/li>\n<li><span lang=\"DE\" xml:lang=\"DE\">F\u00fchre keine Gespr\u00e4che und Diskussionen auf der Tanzfl\u00e4che, sobald die Musik begonnen hat.<\/span><\/li>\n<li><span lang=\"DE\" xml:lang=\"DE\">Die Tanzfl\u00e4che ist f\u00fcr alle da, lass die \u00e4u\u00dfere Linie f\u00fcr Couple Dancer.<\/span><\/li>\n<li><span lang=\"DE\" xml:lang=\"DE\">\u00c4rgere Dich nicht, wenn andere die Dance Floor Etikette nicht kennen. Hilf ihnen, indem Du sie damit bekannt machst.<\/span><\/li>\n<li><span lang=\"DE\" xml:lang=\"DE\">Niemals Show zeigen. Darunter versteht man extreme Variationen und Drehungen, hohe Spr\u00fcnge, starke H\u00fcftbewegungen und Kicks.<\/span><\/li>\n<li><span lang=\"DE\" xml:lang=\"DE\">Line Dance ist Vergn\u00fcgen! Versuch zu l\u00e4cheln!<\/span><\/li>\n<li><span lang=\"DE\" xml:lang=\"DE\">\u00dcbrigens: Auch wenn es festgelegte Choreographien gibt; es gibt kein &#8222;Richtig&#8220; und kein &#8222;Falsch&#8220;; es gibt nur Variationen, die jede Gruppe f\u00fcr sich festlegt.<\/span><\/li>\n<li><strong>Und zum Schluss:<\/strong> L\u00e4chle, sei positiv, denn schlie\u00dflich bist du da, um den Alltag f\u00fcr ein paar Stunden drau\u00dfen zu lassen.<\/li>\n<\/ul>\n<p><span lang=\"DE\" xml:lang=\"DE\">\u00a0<\/span><\/p>\n\n\n<p><\/p>\n","protected":false},"excerpt":{"rendered":"<p>So wie \u00fcberall gibt es auch beim Line Dance &#8222;Do`s and Dont`s&#8220; (Benimmregeln) &#8211; Line\u00a0 Line Dance ist f\u00fcr alle Altersstufen geeignet Versuche m\u00f6glichst den Tanz mitzumachen, der bereits getanzt wird! Wenn Anf\u00e4nger tanzen, passe dich an. Du musst nicht zeigen, was du drauf hast. Erinnere dich, du warst auch einmal Anf\u00e4nger \u2013 sei hilfsbereit &hellip; <a href=\"http:\/\/www.grizzlylinedancers.com\/wordpress\/line-dance-etikette\" class=\"more-link\"><span class=\"screen-reader-text\">Line Dance Etikette<\/span> weiterlesen <span class=\"meta-nav\">&rarr;<\/span><\/a><\/p>\n","protected":false},"author":1,"featured_media":0,"parent":0,"menu_order":0,"comment_status":"closed","ping_status":"closed","template":"","meta":{"footnotes":""},"class_list":["post-742","page","type-page","status-publish","hentry"],"_links":{"self":[{"href":"http:\/\/www.grizzlylinedancers.com\/wordpress\/wp-json\/wp\/v2\/pages\/742","targetHints":{"allow":["GET"]}}],"collection":[{"href":"http:\/\/www.grizzlylinedancers.com\/wordpress\/wp-json\/wp\/v2\/pages"}],"about":[{"href":"http:\/\/www.grizzlylinedancers.com\/wordpress\/wp-json\/wp\/v2\/types\/page"}],"author":[{"embeddable":true,"href":"http:\/\/www.grizzlylinedancers.com\/wordpress\/wp-json\/wp\/v2\/users\/1"}],"replies":[{"embeddable":true,"href":"http:\/\/www.grizzlylinedancers.com\/wordpress\/wp-json\/wp\/v2\/comments?post=742"}],"version-history":[{"count":2,"href":"http:\/\/www.grizzlylinedancers.com\/wordpress\/wp-json\/wp\/v2\/pages\/742\/revisions"}],"predecessor-version":[{"id":1848,"href":"http:\/\/www.grizzlylinedancers.com\/wordpress\/wp-json\/wp\/v2\/pages\/742\/revisions\/1848"}],"wp:attachment":[{"href":"http:\/\/www.grizzlylinedancers.com\/wordpress\/wp-json\/wp\/v2\/media?parent=742"}],"curies":[{"name":"wp","href":"https:\/\/api.w.org\/{rel}","templated":true}]}}